. Let b = p + -107. Does 13 divide b?
True
Let z(n) = -2920*n + 7011. Does 43 divide z(-7)?
False
Suppose -1714 = 29*b + 62*b - 224664. Is 98 a factor of b?
True
Suppose -p + g = -7, 15 = p + 5*g - 2*g. Let d = 16 - p. Suppose d*o = -o + 448. Is 14 a factor of o?
True
Let l(i) = 2*i**2 - 4*i - 9. Let a(t) = -t**2 + 20*t + 14. Let y be a(22). Let p be (-4)/3*y/8. Is 21 a factor of l(p)?
True
Let n(g) = g**2 + 19*g + 42. Let p be n(-10). Is 12/p - (-3682)/8 a multiple of 46?
True
Is 128 a factor of 8654 + -210 + 2*2?
True
Let m be 3*(2/1)/(-1 - 2). Let l be ((-6)/4)/((-3)/2) - m. Suppose v - 5*n = -4*n + 21, -l*v + n + 65 = 0. Is 14 a factor of v?
False
Let p(n) = n**2 + 32*n + 106. Let k be p(-19). Is 16 a factor of 3027/7 - k/(-329)?
True
Suppose 16*g + 244 = 20*g. Let c = g + -59. Suppose -280 = -c*y + 26. Is 17 a factor of y?
True
Let l = 229 - 136. Suppose l = h + 58. Suppose 0 = 37*r - h*r - 192. Is r a multiple of 24?
True
Let c(k) = -k**3 + 15*k**2 + 58*k + 93. Is c(-27) a multiple of 145?
True
Suppose -10 = -2*x - 4*p + 12, 5*p - 10 = 0. Suppose 0 = x*n + 3*n - 4050. Does 23 divide n?
False
Let g be 4 + (-3 + 2 - 3). Suppose g = -4*v - 6 + 34. Does 36 divide (9/12)/(v/1680)?
True
Suppose 1833 = 14*m - 10*m + 3*h, 0 = 2*m - 2*h - 920. Is m a multiple of 3?
True
Let v = 36 + -33. Suppose -v*a - 3*p = -7*a - 4, -2*p = -8. Suppose a*i = -0*i - 4*c + 114, c = 2. Is i a multiple of 16?
False
Suppose 0 = -10*o + 37*o - 870020 + 115424. Does 51 divide o?
True
Let f(z) = 56*z - 103. Let d(w) = -34*w + 60. Let l(k) = 12*d(k) + 7*f(k). Suppose 6*g + 15 = g. Is l(g) a multiple of 4?
False
Does 18 divide 2 - 0 - -11052 - (15 + -3)/(-6)?
False
Let c be 12 - (-3)/(-6)*0. Suppose 0 = 3*o - t - 9, -t = 3*o - 3*t - c. Suppose o*f + 0*f - 1 = -s, 5*s - 21 = -2*f. Does 3 divide s?
False
Let l = 125 + -294. Let j be (-8)/20*(-1 + -4). Is 8 a factor of j/3 - 1*l/3?
False
Let g = -228 - -236. Let l(a) = -4*a - 1. Let t be l(-3). Suppose -t*k + 24 = -g*k. Is 4 a factor of k?
True
Suppose 215*c - 216*c + 993 = 0. Suppose -u = -c + 39. Is 18 a factor of u?
True
Let d(w) be the second derivative of -4*w**3/3 + 93*w**2/2 - 63*w. Does 16 divide d(-22)?
False
Let n(b) be the second derivative of b**5/20 - 7*b**4/12 - 11*b**3/6 - 29*b**2/2 + 2*b. Is 15 a factor of n(10)?
False
Suppose 5*a - 8 = 12. Suppose -a*f + 22 = -6. Let v(t) = t + 2. Does 2 divide v(f)?
False
Let m(c) = -2*c**2 + 151*c - 9 + 3*c**3 - 140*c - 3*c**2. Does 75 divide m(6)?
True
Let d(i) be the second derivative of i**5/20 - 5*i**4/6 - 3*i**3 - 17*i**2 - 40*i. Let h be d(11). Let w = -96 - h. Does 2 divide w?
False
Let l(h) = 946*h - 152. Let k be l(8). Suppose -21*s + k = -9*s. Does 6 divide s?
True
Let f(l) = l**3 - 5*l**2 + 6*l + 846. Is f(0) a multiple of 18?
True
Let g(y) = -90*y - 970. Does 68 divide g(-25)?
False
Let i be (131/2)/(7/14). Let c = 255 - i. Suppose 0*r - 4*r + c = 0. Does 7 divide r?
False
Let u(c) = -c**2 + 156*c - 108. Is 12 a factor of u(54)?
True
Let c be (-748)/(-10) - (-10)/50. Does 15 divide c + (3 + -4 - (1 - 2))?
True
Let u(v) = -v**2 + 7*v + 2. Let f be u(0). Suppose f*b - 214 = 206. Does 72 divide b?
False
Let b be ((-8)/2)/(-2) - 0. Let p = 5687 - 5622. Suppose -b*j = -p - 129. Is 10 a factor of j?
False
Let b(v) = 40*v - 14. Let r be b(7). Suppose r = 4*c - 658. Suppose -5*q + c = -144. Is 15 a factor of q?
True
Suppose -2*w - w = -2*m - 1012, 2*w - 5*m - 671 = 0. Let o = 822 - w. Does 22 divide o?
True
Let w = 805 + 1134. Is w a multiple of 15?
False
Let i(y) be the second derivative of -3/2*y**2 - 1/12*y**4 + 0 + 15*y - 7/3*y**3. Is 4 a factor of i(-11)?
False
Suppose -3*o + 9*q = 4*q - 381, -o + 128 = -2*q. Suppose -r + 13*l + o = 14*l, 5*r - 3*l - 594 = 0. Is r a multiple of 20?
True
Let n(j) = 174*j**3 - 2*j + 1 - 389*j**2 + 390*j**2 + 0*j. Is n(1) a multiple of 30?
False
Let x(q) = -32*q - 58. Let s be x(-33). Let i = -482 + s. Does 43 divide i?
True
Let q(a) = 8*a**2 - 5*a - 13. Let j(p) = -p - 1. Suppose 8 = 4*u + 4*u. Let w(m) = u*q(m) - 6*j(m). Does 34 divide w(3)?
True
Suppose 83616 = 9*u + 6*u + u. Is 13 a factor of u?
True
Let x(d) = -d**3 - 69*d**2 + 58*d - 402. Is 11 a factor of x(-72)?
False
Let x(g) = -10376*g**3 - 26*g**2 - 16*g + 8. Is 166 a factor of x(-1)?
False
Let d be ((-24)/(-36))/(1/48). Suppose 24 = -30*y + d*y. Is y a multiple of 12?
True
Suppose 37143 = 5*k - 3*f, k - 5*k = -f - 29713. Does 12 divide k?
True
Let s(l) = -2*l**2 - 10*l - 18. Let x be s(-3). Let j(h) = -2*h**3 - 2*h**2 + 31*h + 8. Does 13 divide j(x)?
True
Let l = 222 + -223. Let n(t) = -20*t**3 + t**2 + 4*t + 3. Is 2 a factor of n(l)?
True
Let n = -29 - -34. Suppose -101 = -n*r + 324. Suppose 5*h - r = 3*a, 4*h - 46 = -0*h - 2*a. Is 7 a factor of h?
True
Let m = 7433 + 11181. Does 82 divide m?
True
Is 185 a factor of 9/((-297)/(-6)) - 1576320/(-132)?
False
Suppose 24*t + 1396 = 150316. Is t a multiple of 53?
False
Let r = -52 - -54. Suppose -4*c + 2026 = -2*k, 0 = -r*k + 5*k + 15. Suppose -9*b + 13*b - c = 0. Is b a multiple of 21?
True
Let q = 226 - 217. Does 12 divide (8 - -19)*(-1 - (-21)/q)?
True
Let b(s) = s**3 - 16*s**2 + 16*s + 30. Suppose 6*a - 5*a - 15 = 0. Is 5 a factor of b(a)?
True
Let v(s) = -10*s**3 + 5*s**2 - 3*s - 7. Let o(x) = -x**2 + x + 1. Let a(r) = -4*o(r) - v(r). Let f be a(2). Suppose 2*l = 35 + f. Is 11 a factor of l?
False
Suppose 0 = 4*r + 3*j + 15, j + 9 = -2*r - 2*j. Let s be (-12)/12*1*r. Suppose -s*z - 132 = -2*o - 2*z, -4*z = -5*o + 336. Is 5 a factor of o?
False
Suppose -228*t + 29393975 = 97*t. Does 149 divide t?
True
Let z(v) = 166*v + 518. Does 147 divide z(48)?
False
Let b(w) = 23*w**2 - w. Let v be (28/84)/((-2)/24). Is b(v) a multiple of 75?
False
Suppose -2*b + 838 = b - k, 3*b + 2*k = 844. Is b a multiple of 2?
True
Let i(d) = 6*d**2 - 95*d - 166. Is 16 a factor of i(-17)?
False
Let f(a) = 3*a**2 - 99*a + 736. Is f(-32) a multiple of 32?
True
Let u be ((-218)/(-12) - 1) + (-8)/48. Suppose u = -r + 21. Is 29 a factor of (r - (-908)/10) + (-4)/5?
False
Suppose -8*h + 3*h = -8*h + 32610. Does 24 divide h?
False
Let x = 48 + -134. Let r = x + 90. Suppose 57 + 263 = r*k. Is 16 a factor of k?
True
Is 10*48/(-120)*(-6854)/8 even?
False
Suppose -n = -5*m - 44041, 4*m = -56*n + 60*n - 176292. Does 22 divide n?
False
Let c(l) = -l**2 + 3*l + 50. Let p(j) = -2*j**2 + 2*j + 51. Let u(r) = 3*c(r) - 4*p(r). Does 41 divide u(7)?
False
Suppose -18 - 6 = -3*y. Let u(g) = 7 - 688*g - 5 + 362*g + 342*g. Does 33 divide u(y)?
False
Let k(i) = 15*i**2 - 1. Suppose -25 = 7*z - 4. Let t be 2 + 15/z - -4. Is 2 a factor of k(t)?
True
Suppose -14*m + 65196 = 45092 - 55706. Is m a multiple of 15?
True
Suppose -p = -289 + 287. Suppose 0 = 2*m - 5*t - 634, 574 + 60 = p*m - 4*t. Does 15 divide m?
False
Suppose 0 = 5*m + 7 + 28, -5*p = -3*m - 104161. Is p a multiple of 127?
True
Let j(o) = o**2 - 3*o - 6. Let v be j(5). Suppose v = i - 1. Suppose 3*x - 388 = -i*q, 4*q + q - x - 404 = 0. Is q a multiple of 8?
True
Let q be 2 + ((-7)/(21/(-6)) - 1). Suppose -2*b - 78 = -q*b. Does 10 divide b?
False
Suppose -3*k + 908 - 151 = 5*v, -4*k = 5*v - 1011. Let t = -355 + 198. Let x = t + k. Is 5 a factor of x?
False
Suppose -5711 + 8071 = 12*s - 9568. Is 7 a factor of s?
True
Let s = -2176 - -4477. Is 39 a factor of s?
True
Let d(x) = 277*x + 3365. Does 3 divide d(-4)?
False
Let u(b) = -2*b**3 + 23*b**2 + 331*b. Is 90 a factor of u(-10)?
True
Let z(i) = 7*i + 23. Let s be z(-3). Is 36 a factor of (-6332)/(-16) + s/8?
True
Let y = -560 + 568. Does 48 divide y/((-100)/(-24) + -4)?
True
Let a be (24/(-15))/((12/50)/3). Let f(n) = 2*n**2 + 35*n + 37. Is f(a) a multiple of 13?
False
Suppose 3*l + 164232 = 9*h, -l - 4*l + 18216 = h. Does 53 divide h?
False
Let q(a) = 8*a**3 + 2*a**2 + a - 15. Let z(v) = 4*v**2 - 7*v + 1. Let t be z(2). Let f be q(t). Suppose -42*r - f = -44*r. Is 37 a factor of r?
True
Let r = 49 - -65. Suppose 6*f + r = 9*f. Suppose j - 28 = f. Does 6 divide j?
True
Let q(b) = 3*b - 3. Let l be q(5). Suppose 3*n - l = -0. Suppose n*d + 12 = 0, -4*c - d + 33 = -12. Is c a multiple of 3?
True
Let r = 17 - 29. Let a = -8 - r. Suppose 5*q - a*c = 30, 3*c = -q + 6*q - 30. Is q even?
True
Suppose -13*l + 2004 = -l. Suppose 2*g - 754 = -5*f, 2*g + 3*g + l = f. Doe